0, h + x - 17 = f*x. Is b(h) a prime number?
False
Is (10/(-6))/(3/76914)*(-102)/204 composite?
True
Let b = 271 - 269. Suppose -21*j = -b*j - 5833. Is j composite?
False
Suppose -8*w + 7*w - 12673 = -3*t, -3*t + 5*w = -12665. Suppose 20*v - 24*v + 2*f = -5640, -f = 3*v - t. Is v composite?
False
Let l = -379677 + 818246. Is l composite?
False
Suppose -56 = -8*i + 112. Suppose -i*c + 10961 = -12454. Is c a prime number?
False
Suppose 5*n - 5*a - 40 = 0, a + 11 = 2*n - 7. Suppose n*t + 216 = 22*t. Is (-4)/(-26) - t/117 - -2203 a composite number?
False
Is (-231)/(-308) + 271042/8 a prime number?
False
Let u(x) = -3*x - 3. Let z be u(-1). Suppose -12*p + z*p + 60 = 0. Is (-4 + p)*(-1 - -410) composite?
False
Let x = 181 - 213. Is (2758416/x)/((-3)/2) a composite number?
False
Let s = 218700 + -103763. Is s a composite number?
True
Suppose 2*w = -4*f - 11904, 10 = 2*w + 3*w. Suppose 3*u + 5*k = 19001 + 2414, 5*u - 5*k = 35625. Let d = u + f. Is d prime?
True
Suppose -8*k = -11*k + 3*x + 20151, -2*k + 5*x + 13434 = 0. Suppose 3*a - 33465 = 8*a - s, a - 5*s + k = 0. Is a/42*102/(-4) composite?
True
Let u be ((-9)/((-54)/20))/(3/(-9)). Let v(m) = -81*m + 37*m + 13 - 84*m. Is v(u) a prime number?
False
Let d(h) be the second derivative of 0 + 1/2*h**2 - 11/10*h**5 - 20*h + 1/3*h**3 + 1/12*h**4. Is d(-2) a prime number?
False
Suppose 9*r - 145057665 = -147*r - 189*r. Is r prime?
True
Suppose 3*u + 5*j = -37, 2*u + 2*j = 4*u + 14. Let i be u/(-27)*6*1. Suppose -2*w - i*w = -2716. Is w composite?
True
Let d = -1703 - -1700. Suppose q - 18 = -4*m, 3*q - 7*q = -5*m + 33. Is (393/q)/((-12)/16) - d composite?
True
Suppose -35985 = -5*y - 8*w + 5*w, -3*y + 2*w = -21572. Suppose -3*k + 25812 = -y. Is k composite?
True
Suppose -16*x - 954 = -15*x. Let b = 4618 - x. Is b/8*(0 - -4 - 2) a composite number?
True
Suppose -6 = w - 3*w. Suppose -5*c + 9 = -w*k, -1 = -4*c + 5*k + 1. Suppose -1817 = c*l - 6248. Is l composite?
True
Let g = -43 - -7. Let p be 3/15 - g/20. Suppose -4*b = 4*z - 884, -p = 2*b - b. Is z a prime number?
True
Let b = 196175 + -122146. Is b composite?
True
Suppose 2*i + 3*i + 134990 = 5*l, -4*l + i + 107998 = 0. Suppose 19*q = 22*q - l. Let v = -6082 + q. Is v a composite number?
True
Let f = 43 - 28. Let q(p) = -3*p**2 + p**2 - p**2 + p**3 - 183 - f*p + 184. Is q(6) a prime number?
True
Let q = -78 + 77. Let r(x) = -2910*x + 1. Is r(q) prime?
False
Let b(z) = z**3 - z**2. Let q(w) = -11*w**2 - 15*w + 21. Let m(n) = -b(n) - q(n). Let h be m(9). Let l = h - 38. Is l composite?
True
Let x be -4 - (4 + 8)/4. Let k(j) = 130*j + 33. Let y be k(x). Is (y/2)/(3 + (-21)/6) composite?
False
Let u = 294 - 322. Is u/6*461343/(-122) composite?
True
Let n = -81 + 85. Is -4 + 2 - n - -3803 a prime number?
True
Let w(p) = 597*p - 2356. Is w(7) a composite number?
False
Let f(m) = 12*m**3 + m**2 + 7*m + 18. Let w be f(22). Suppose 27164 - w = -36*h. Is h composite?
True
Let k = -410 - -417. Suppose 4*u = -b + 102811, k*b - 51401 = -2*u + 2*b. Is u a composite number?
False
Let o(v) = -v**3 + 2*v**2 + 2*v - 2. Let c be o(3). Let m(t) = 473*t - 39. Let h(u) = -473*u + 40. Let g(z) = c*h(z) - 4*m(z). Is g(9) composite?
True
Suppose 0 = 4*p - 20, -p + 8819 = 2*b + b. Suppose 3*i - b = 2*o, 3*o + 2*o = -4*i + 3902. Suppose m = -a - 3*a + i, -5*a = 3*m - 2941. Is m a prime number?
False
Suppose 5*i = 5*b - b - 3, 4*i - 2 = b. Suppose -2*f - 950 = -b*s + 2846, -3*s - 5*f + 5662 = 0. Is s prime?
False
Let q be 111/21 + 1*2/(-7). Suppose -q*l + 6*l + 907 = 0. Let a = l + 1448. Is a a prime number?
True
Suppose 69*f = 66*f + 12. Suppose j = -5*l + 33810, -2*l = -f*j + 8*j - 13542. Is l a prime number?
True
Suppose 5*m = m + 20. Suppose d - 10 = -2*d + m*w, d + 3*w + 6 = 0. Suppose -v - 8215 = -2*l, 0 = 3*l - 3*v - d*v - 12330. Is l prime?
False
Let n(v) = -330*v + 1483. Is n(-10) a prime number?
True
Let a(h) = -4*h**3 + 51*h**2 - 21*h - 107. Is a(-15) a composite number?
False
Suppose 67*y - 69*y + 12 = 0. Suppose -y = 5*p + 19. Is 3/p + (-2476)/(-10) + 4 prime?
True
Is (7/21*(-3434922)/(-12))/((-5)/(-10)) a composite number?
False
Let s(u) = 154*u**2 - 183*u + 5758. Is s(45) a prime number?
False
Let c = 55893 + -37895. Is (-2)/((-71996)/c + 4) a prime number?
True
Let w(n) = 11949*n + 2456. Is w(35) composite?
False
Let v = -23 + 448. Is (-2 - (-137613)/17) + 50/v a composite number?
False
Let q(p) = 18*p**3 - 26*p**2 - 19*p - 27. Is q(14) composite?
True
Let v(x) = -38*x + 28. Let g be v(0). Suppose -g*f + 67715 = -23*f. Is f a prime number?
False
Let w(t) = 15*t**3 - 23*t**2 + t - 37. Is w(14) a composite number?
False
Let j = 63 - 60. Suppose 3*x - 11 = -j*g - 2, -6 = -2*g + 4*x. Suppose -4*t - 197 = -g*n, -6 = -n - 4*t + 33. Is n composite?
False
Let b = 9 + -6. Suppose 177 = b*f + 5*y, y + 4*y = 2*f - 118. Suppose f*s - 55*s - 2524 = 0. Is s prime?
True
Let p = 572 + -572. Suppose -14*y + 4*q + 73490 = -12*y, p = 4*q. Is y composite?
True
Suppose -5*r - 1202 = -4*g, r + 2*g = 4*g - 238. Let w = 1339 + r. Is w a prime number?
True
Suppose 3*u + 15 = 0, 2*u = 2*d + 3*u - 3. Suppose -6*a + a + d*j + 22687 = 0, 6*j - 18122 = -4*a. Is a composite?
True
Let z(m) = 33*m**2 + 19*m - 1131. Is z(65) a prime number?
False
Suppose 3*r - 4*l = 723633, -5*r = -27*l + 22*l - 1206040. Is r composite?
True
Let x be 4 + -4 + -2 + 2. Suppose 2*n + 8 - 16 = x. Suppose -n*a + 4*z = 897 - 3841, 0 = -a + 2*z + 741. Is a composite?
True
Suppose -47*z = 26*z - 7*z - 14444034. Is z a composite number?
False
Let d(b) = 63*b**2 + 3*b - 4. Let u be d(1). Suppose -2*j + 16 = -u. Suppose 2*n - j = 407. Is n prime?
True
Suppose 3*f = -20*p + 14691676, 6*f - 734593 = -p + 7*f. Is p prime?
False
Suppose -15 = -t - 3*t - 3*l, 0 = -2*t - 2*l + 8. Suppose 0 = -4*c - 4*x + 28, 5*c - t*x + 5 = 4*c. Let j(a) = 316*a + 9. Is j(c) a prime number?
False
Let a be 44/20 - (-4)/5. Let u(b) = -5*b + 18. Let f be u(a). Suppose 3423 = 3*q + 4*o, q + f*q + o - 4577 = 0. Is q a composite number?
True
Is (-5)/1 - 354518/(-17) prime?
True
Let c(l) = 34*l**3 + 5*l**2 - 10*l - 85. Is c(6) composite?
True
Suppose -7*u + 264 = 250. Let x(k) = k**2 - k. Let p be x(0). Suppose 0*q - u*q + 430 = p. Is q prime?
False
Let d(p) = -3*p**3 - 74*p**2 - 51*p - 1001. Is d(-58) a prime number?
False
Let x = -17 + 16. Let j be ((-9)/(-4) - x) + 31/(-124). Suppose j*h + 339 = 3270. Is h a composite number?
False
Let q be (-8)/68*-154 + 4/(-34). Let j be (q/4 - 4)*-6. Is 1038/j*-3 - -1 a prime number?
True
Let w(l) = -70*l + 99. Let u(b) = -b + 1. Let d(c) = -3*u(c) - w(c). Is d(33) prime?
False
Let s = 2 + -2. Suppose -2*z - 11546 = -3*t, s*t + 4*z + 3862 = t. Suppose 4*v + t = 2*r, v = 4*r - 2*v - 7707. Is r a composite number?
True
Suppose t - 5 = -0*t. Suppose 37*x - 42*x = -2*z - 3955, 0 = 4*x - 3*z - 3164. Suppose 0 = t*u + 2*u - x. Is u a composite number?
False
Suppose 0 = 3*i - 2*l - 823723, -5*i + 84*l - 85*l = -1372863. Is i a prime number?
False
Is 115118 + ((-2 - 5) + 3)*1 a composite number?
True
Suppose m - 3*m = 5*j - 16, 14 = 4*j + m. Let w(v) = 4*v**2 - 2*v + 1. Let b be w(1). Suppose 269 = p + b*y + 2*y, -1044 = -j*p - 4*y. Is p a prime number?
False
Let s(x) = 28*x - 9. Suppose 0 = 2*z - z + 2*l - 22, l + 7 = z. Suppose -z = g - 3*g. Is s(g) composite?
True
Suppose 0*j = -6*j - 19866. Let p = j - -5782. Is p composite?
True
Let t = 41356 + -7191. Is t composite?
True
Let w be ((-20)/(-25))/(2/27585). Suppose 0 = -0*n + 2*n + 4*r - w, 3*n - 2*r = 16535. Is n a composite number?
True
Let a(m) = m - 19. Let s be a(21). Let q(f) = -4*f + f + 3 + 7*f + 4*f**s. Is q(-9) prime?
False
Let b(f) = -2*f**2. Let a(l) = -7*l**2 - 4*l - 12147. Let u(g) = -a(g) + 3*b(g). Is u(0) a prime number?
False
Let r be 0*(9/(-2) + 4). Let g be ((r + 1)/(-3) - 1)*-6. Is (g/6)/((-1694)/1698 + 1) a composite number?
True
Suppose r - 5*q + 2*q - 13 = 0, 0 = -2*r - q - 2. Suppose 11 + r = 4*c. Suppose 3*h = -h - c*d + 1427, 3*d + 1044 = 3*h. Is h prime?
True
Let l(w) = -7*w - 3*w + 2 + 34*w**2 + 0*w - 36*w**2. Let j be l(-6). Is 5/j*40*(-53)/4 a composite number?
True
Suppose 18*c + c - 38 = 0. Is 1/(c + (-114984)/57496) a prime number?
True
Let l = -74 + 72. Let q be ((-6)/l - 2) + 7. Suppose q = 2*x, 4*x - 1978 = -5*r + 2*x. Is r com